{"id":1400,"date":"2024-07-30T10:23:45","date_gmt":"2024-07-30T09:23:45","guid":{"rendered":"https:\/\/togethair-website.k8s.live.devhoop.com\/attivi\/radice-di-maca\/"},"modified":"2024-07-30T11:05:07","modified_gmt":"2024-07-30T10:05:07","slug":"radice-di-maca","status":"publish","type":"attivi","link":"https:\/\/www.togethair.it\/en\/actives\/root-of-maca\/","title":{"rendered":"Maca root"},"content":{"rendered":"","protected":false},"featured_media":1600,"template":"","meta":{"_acf_changed":true,"site-sidebar-layout":"default","site-content-layout":"","ast-site-content-layout":"default","site-content-style":"default","site-sidebar-style":"default","ast-global-header-display":"","ast-banner-title-visibility":"","ast-main-header-display":"","ast-hfb-above-header-display":"","ast-hfb-below-header-display":"","ast-hfb-mobile-header-display":"","site-post-title":"","ast-breadcrumbs-content":"","ast-featured-img":"","footer-sml-layout":"","theme-transparent-header-meta":"","adv-header-id-meta":"","stick-header-meta":"","header-above-stick-meta":"","header-main-stick-meta":"","header-below-stick-meta":"","astra-migrate-meta-layouts":"set","ast-page-background-enabled":"default","ast-page-background-meta":{"desktop":{"background-color":"var(--ast-global-color-4)","background-image":"","background-repeat":"repeat","background-position":"center center","background-size":"auto","background-attachment":"scroll","background-type":"","background-media":"","overlay-type":"","overlay-color":"","overlay-opacity":"","overlay-gradient":""},"tablet":{"background-color":"","background-image":"","background-repeat":"repeat","background-position":"center center","background-size":"auto","background-attachment":"scroll","background-type":"","background-media":"","overlay-type":"","overlay-color":"","overlay-opacity":"","overlay-gradient":""},"mobile":{"background-color":"","background-image":"","background-repeat":"repeat","background-position":"center center","background-size":"auto","background-attachment":"scroll","background-type":"","background-media":"","overlay-type":"","overlay-color":"","overlay-opacity":"","overlay-gradient":""}},"ast-content-background-meta":{"desktop":{"background-color":"var(--ast-global-color-5)","background-image":"","background-repeat":"repeat","background-position":"center center","background-size":"auto","background-attachment":"scroll","background-type":"","background-media":"","overlay-type":"","overlay-color":"","overlay-opacity":"","overlay-gradient":""},"tablet":{"background-color":"var(--ast-global-color-5)","background-image":"","background-repeat":"repeat","background-position":"center center","background-size":"auto","background-attachment":"scroll","background-type":"","background-media":"","overlay-type":"","overlay-color":"","overlay-opacity":"","overlay-gradient":""},"mobile":{"background-color":"var(--ast-global-color-5)","background-image":"","background-repeat":"repeat","background-position":"center center","background-size":"auto","background-attachment":"scroll","background-type":"","background-media":"","overlay-type":"","overlay-color":"","overlay-opacity":"","overlay-gradient":""}}},"tipologia":[65],"class_list":["post-1400","attivi","type-attivi","status-publish","has-post-thumbnail","hentry","tipologia-flowerbotanics"],"acf":[],"yoast_head":"<!-- This site is optimized with the Yoast SEO plugin v23.8 - https:\/\/yoast.com\/wordpress\/plugins\/seo\/ -->\n<title>Radice di Maca<\/title>\n<meta name=\"description\" content=\"Non solo la meravigliosa radice migliora la resistenza, ma pu\u00f2 anche migliorare la luminosit\u00e0 della pelle. Inoltre, la maca ha la capacit\u00e0 di levigare le linee sottili, stimolare il rinnovamento cellulare e di contrastare i segni dell&#039;invecchiamento, della stanchezza e della disidratazione. Agendo sulla crescita e il mantenimento dei cheratinociti superficiali la maca protegge i bulbi capillari, aumentandone l&#039;aderenza al cuoi capelluto, stimola la crescita dei capelli, rinforzandoli e prevenendone la caduta, anche in caso di alopecia. Azioni principali: Rigenerante, rassodante, elasticizzante.\" \/>\n<meta name=\"robots\" content=\"index, follow, max-snippet:-1, max-image-preview:large, max-video-preview:-1\" \/>\n<link rel=\"canonical\" href=\"https:\/\/www.togethair.it\/en\/actives\/root-of-maca\/\" \/>\n<meta property=\"og:locale\" content=\"en_GB\" \/>\n<meta property=\"og:type\" content=\"article\" \/>\n<meta property=\"og:title\" content=\"Radice di Maca\" \/>\n<meta property=\"og:description\" content=\"Non solo la meravigliosa radice migliora la resistenza, ma pu\u00f2 anche migliorare la luminosit\u00e0 della pelle. Inoltre, la maca ha la capacit\u00e0 di levigare le linee sottili, stimolare il rinnovamento cellulare e di contrastare i segni dell&#039;invecchiamento, della stanchezza e della disidratazione. Agendo sulla crescita e il mantenimento dei cheratinociti superficiali la maca protegge i bulbi capillari, aumentandone l&#039;aderenza al cuoi capelluto, stimola la crescita dei capelli, rinforzandoli e prevenendone la caduta, anche in caso di alopecia. Azioni principali: Rigenerante, rassodante, elasticizzante.\" \/>\n<meta property=\"og:url\" content=\"https:\/\/www.togethair.it\/en\/actives\/root-of-maca\/\" \/>\n<meta property=\"og:site_name\" content=\"Togethair\" \/>\n<meta property=\"article:modified_time\" content=\"2024-07-30T10:05:07+00:00\" \/>\n<meta property=\"og:image\" content=\"https:\/\/www.togethair.it\/wp-content\/uploads\/2024\/07\/Radice-di-maca.jpg\" \/>\n\t<meta property=\"og:image:width\" content=\"400\" \/>\n\t<meta property=\"og:image:height\" content=\"400\" \/>\n\t<meta property=\"og:image:type\" content=\"image\/jpeg\" \/>\n<meta name=\"twitter:card\" content=\"summary_large_image\" \/>\n<script type=\"application\/ld+json\" class=\"yoast-schema-graph\">{\"@context\":\"https:\/\/schema.org\",\"@graph\":[{\"@type\":\"WebPage\",\"@id\":\"https:\/\/www.togethair.it\/attivi\/radice-di-maca\/\",\"url\":\"https:\/\/www.togethair.it\/attivi\/radice-di-maca\/\",\"name\":\"Radice di Maca\",\"isPartOf\":{\"@id\":\"https:\/\/www.togethair.it\/#website\"},\"primaryImageOfPage\":{\"@id\":\"https:\/\/www.togethair.it\/attivi\/radice-di-maca\/#primaryimage\"},\"image\":{\"@id\":\"https:\/\/www.togethair.it\/attivi\/radice-di-maca\/#primaryimage\"},\"thumbnailUrl\":\"https:\/\/www.togethair.it\/wp-content\/uploads\/2024\/07\/Radice-di-maca.jpg\",\"datePublished\":\"2024-07-30T09:23:45+00:00\",\"dateModified\":\"2024-07-30T10:05:07+00:00\",\"description\":\"Non solo la meravigliosa radice migliora la resistenza, ma pu\u00f2 anche migliorare la luminosit\u00e0 della pelle. Inoltre, la maca ha la capacit\u00e0 di levigare le linee sottili, stimolare il rinnovamento cellulare e di contrastare i segni dell'invecchiamento, della stanchezza e della disidratazione. Agendo sulla crescita e il mantenimento dei cheratinociti superficiali la maca protegge i bulbi capillari, aumentandone l'aderenza al cuoi capelluto, stimola la crescita dei capelli, rinforzandoli e prevenendone la caduta, anche in caso di alopecia. Azioni principali: Rigenerante, rassodante, elasticizzante.\",\"breadcrumb\":{\"@id\":\"https:\/\/www.togethair.it\/attivi\/radice-di-maca\/#breadcrumb\"},\"inLanguage\":\"en-GB\",\"potentialAction\":[{\"@type\":\"ReadAction\",\"target\":[\"https:\/\/www.togethair.it\/attivi\/radice-di-maca\/\"]}]},{\"@type\":\"ImageObject\",\"inLanguage\":\"en-GB\",\"@id\":\"https:\/\/www.togethair.it\/attivi\/radice-di-maca\/#primaryimage\",\"url\":\"https:\/\/www.togethair.it\/wp-content\/uploads\/2024\/07\/Radice-di-maca.jpg\",\"contentUrl\":\"https:\/\/www.togethair.it\/wp-content\/uploads\/2024\/07\/Radice-di-maca.jpg\",\"width\":400,\"height\":400},{\"@type\":\"BreadcrumbList\",\"@id\":\"https:\/\/www.togethair.it\/attivi\/radice-di-maca\/#breadcrumb\",\"itemListElement\":[{\"@type\":\"ListItem\",\"position\":1,\"name\":\"Home\",\"item\":\"https:\/\/www.togethair.it\/\"},{\"@type\":\"ListItem\",\"position\":2,\"name\":\"Radice di Maca\"}]},{\"@type\":\"WebSite\",\"@id\":\"https:\/\/www.togethair.it\/#website\",\"url\":\"https:\/\/www.togethair.it\/\",\"name\":\"Togethair\",\"description\":\"Meeting Nature\",\"publisher\":{\"@id\":\"https:\/\/www.togethair.it\/#organization\"},\"potentialAction\":[{\"@type\":\"SearchAction\",\"target\":{\"@type\":\"EntryPoint\",\"urlTemplate\":\"https:\/\/www.togethair.it\/?s={search_term_string}\"},\"query-input\":{\"@type\":\"PropertyValueSpecification\",\"valueRequired\":true,\"valueName\":\"search_term_string\"}}],\"inLanguage\":\"en-GB\"},{\"@type\":\"Organization\",\"@id\":\"https:\/\/www.togethair.it\/#organization\",\"name\":\"Togethair\",\"url\":\"https:\/\/www.togethair.it\/\",\"logo\":{\"@type\":\"ImageObject\",\"inLanguage\":\"en-GB\",\"@id\":\"https:\/\/www.togethair.it\/#\/schema\/logo\/image\/\",\"url\":\"https:\/\/www.togethair.it\/wp-content\/uploads\/2024\/06\/logo_togethair.png\",\"contentUrl\":\"https:\/\/www.togethair.it\/wp-content\/uploads\/2024\/06\/logo_togethair.png\",\"width\":500,\"height\":107,\"caption\":\"Togethair\"},\"image\":{\"@id\":\"https:\/\/www.togethair.it\/#\/schema\/logo\/image\/\"}}]}<\/script>\n<!-- \/ Yoast SEO plugin. -->","yoast_head_json":{"title":"Radice di Maca","description":"Non solo la meravigliosa radice migliora la resistenza, ma pu\u00f2 anche migliorare la luminosit\u00e0 della pelle. Inoltre, la maca ha la capacit\u00e0 di levigare le linee sottili, stimolare il rinnovamento cellulare e di contrastare i segni dell'invecchiamento, della stanchezza e della disidratazione. Agendo sulla crescita e il mantenimento dei cheratinociti superficiali la maca protegge i bulbi capillari, aumentandone l'aderenza al cuoi capelluto, stimola la crescita dei capelli, rinforzandoli e prevenendone la caduta, anche in caso di alopecia. Azioni principali: Rigenerante, rassodante, elasticizzante.","robots":{"index":"index","follow":"follow","max-snippet":"max-snippet:-1","max-image-preview":"max-image-preview:large","max-video-preview":"max-video-preview:-1"},"canonical":"https:\/\/www.togethair.it\/en\/actives\/root-of-maca\/","og_locale":"en_GB","og_type":"article","og_title":"Radice di Maca","og_description":"Non solo la meravigliosa radice migliora la resistenza, ma pu\u00f2 anche migliorare la luminosit\u00e0 della pelle. Inoltre, la maca ha la capacit\u00e0 di levigare le linee sottili, stimolare il rinnovamento cellulare e di contrastare i segni dell'invecchiamento, della stanchezza e della disidratazione. Agendo sulla crescita e il mantenimento dei cheratinociti superficiali la maca protegge i bulbi capillari, aumentandone l'aderenza al cuoi capelluto, stimola la crescita dei capelli, rinforzandoli e prevenendone la caduta, anche in caso di alopecia. Azioni principali: Rigenerante, rassodante, elasticizzante.","og_url":"https:\/\/www.togethair.it\/en\/actives\/root-of-maca\/","og_site_name":"Togethair","article_modified_time":"2024-07-30T10:05:07+00:00","og_image":[{"width":400,"height":400,"url":"https:\/\/www.togethair.it\/wp-content\/uploads\/2024\/07\/Radice-di-maca.jpg","type":"image\/jpeg"}],"twitter_card":"summary_large_image","schema":{"@context":"https:\/\/schema.org","@graph":[{"@type":"WebPage","@id":"https:\/\/www.togethair.it\/attivi\/radice-di-maca\/","url":"https:\/\/www.togethair.it\/attivi\/radice-di-maca\/","name":"Radice di Maca","isPartOf":{"@id":"https:\/\/www.togethair.it\/#website"},"primaryImageOfPage":{"@id":"https:\/\/www.togethair.it\/attivi\/radice-di-maca\/#primaryimage"},"image":{"@id":"https:\/\/www.togethair.it\/attivi\/radice-di-maca\/#primaryimage"},"thumbnailUrl":"https:\/\/www.togethair.it\/wp-content\/uploads\/2024\/07\/Radice-di-maca.jpg","datePublished":"2024-07-30T09:23:45+00:00","dateModified":"2024-07-30T10:05:07+00:00","description":"Non solo la meravigliosa radice migliora la resistenza, ma pu\u00f2 anche migliorare la luminosit\u00e0 della pelle. Inoltre, la maca ha la capacit\u00e0 di levigare le linee sottili, stimolare il rinnovamento cellulare e di contrastare i segni dell'invecchiamento, della stanchezza e della disidratazione. Agendo sulla crescita e il mantenimento dei cheratinociti superficiali la maca protegge i bulbi capillari, aumentandone l'aderenza al cuoi capelluto, stimola la crescita dei capelli, rinforzandoli e prevenendone la caduta, anche in caso di alopecia. Azioni principali: Rigenerante, rassodante, elasticizzante.","breadcrumb":{"@id":"https:\/\/www.togethair.it\/attivi\/radice-di-maca\/#breadcrumb"},"inLanguage":"en-GB","potentialAction":[{"@type":"ReadAction","target":["https:\/\/www.togethair.it\/attivi\/radice-di-maca\/"]}]},{"@type":"ImageObject","inLanguage":"en-GB","@id":"https:\/\/www.togethair.it\/attivi\/radice-di-maca\/#primaryimage","url":"https:\/\/www.togethair.it\/wp-content\/uploads\/2024\/07\/Radice-di-maca.jpg","contentUrl":"https:\/\/www.togethair.it\/wp-content\/uploads\/2024\/07\/Radice-di-maca.jpg","width":400,"height":400},{"@type":"BreadcrumbList","@id":"https:\/\/www.togethair.it\/attivi\/radice-di-maca\/#breadcrumb","itemListElement":[{"@type":"ListItem","position":1,"name":"Home","item":"https:\/\/www.togethair.it\/"},{"@type":"ListItem","position":2,"name":"Radice di Maca"}]},{"@type":"WebSite","@id":"https:\/\/www.togethair.it\/#website","url":"https:\/\/www.togethair.it\/","name":"Togethair","description":"Meeting Nature","publisher":{"@id":"https:\/\/www.togethair.it\/#organization"},"potentialAction":[{"@type":"SearchAction","target":{"@type":"EntryPoint","urlTemplate":"https:\/\/www.togethair.it\/?s={search_term_string}"},"query-input":{"@type":"PropertyValueSpecification","valueRequired":true,"valueName":"search_term_string"}}],"inLanguage":"en-GB"},{"@type":"Organization","@id":"https:\/\/www.togethair.it\/#organization","name":"Togethair","url":"https:\/\/www.togethair.it\/","logo":{"@type":"ImageObject","inLanguage":"en-GB","@id":"https:\/\/www.togethair.it\/#\/schema\/logo\/image\/","url":"https:\/\/www.togethair.it\/wp-content\/uploads\/2024\/06\/logo_togethair.png","contentUrl":"https:\/\/www.togethair.it\/wp-content\/uploads\/2024\/06\/logo_togethair.png","width":500,"height":107,"caption":"Togethair"},"image":{"@id":"https:\/\/www.togethair.it\/#\/schema\/logo\/image\/"}}]}},"_links":{"self":[{"href":"https:\/\/www.togethair.it\/en\/wp-json\/wp\/v2\/attivi\/1400","targetHints":{"allow":["GET"]}}],"collection":[{"href":"https:\/\/www.togethair.it\/en\/wp-json\/wp\/v2\/attivi"}],"about":[{"href":"https:\/\/www.togethair.it\/en\/wp-json\/wp\/v2\/types\/attivi"}],"wp:featuredmedia":[{"embeddable":true,"href":"https:\/\/www.togethair.it\/en\/wp-json\/wp\/v2\/media\/1600"}],"wp:attachment":[{"href":"https:\/\/www.togethair.it\/en\/wp-json\/wp\/v2\/media?parent=1400"}],"wp:term":[{"taxonomy":"tipologia","embeddable":true,"href":"https:\/\/www.togethair.it\/en\/wp-json\/wp\/v2\/tipologia?post=1400"}],"curies":[{"name":"wp","href":"https:\/\/api.w.org\/{rel}","templated":true}]}}

<!-- This site is optimized with the Yoast SEO plugin v23.8 - https://yoast.com/wordpress/plugins/seo/ -->
<title>Radice di Maca</title>
<meta name="description" content="Non solo la meravigliosa radice migliora la resistenza, ma può anche migliorare la luminosità della pelle. Inoltre, la maca ha la capacità di levigare le linee sottili, stimolare il rinnovamento cellulare e di contrastare i segni dell&#039;invecchiamento, della stanchezza e della disidratazione. Agendo sulla crescita e il mantenimento dei cheratinociti superficiali la maca protegge i bulbi capillari, aumentandone l&#039;aderenza al cuoi capelluto, stimola la crescita dei capelli, rinforzandoli e prevenendone la caduta, anche in caso di alopecia. Azioni principali: Rigenerante, rassodante, elasticizzante." />
<meta name="robots" content="index, follow, max-snippet:-1, max-image-preview:large, max-video-preview:-1" />
<link rel="canonical" href="https://www.togethair.it/en/actives/root-of-maca/" />
<meta property="og:locale" content="en_GB" />
<meta property="og:type" content="article" />
<meta property="og:title" content="Radice di Maca" />
<meta property="og:description" content="Non solo la meravigliosa radice migliora la resistenza, ma può anche migliorare la luminosità della pelle. Inoltre, la maca ha la capacità di levigare le linee sottili, stimolare il rinnovamento cellulare e di contrastare i segni dell&#039;invecchiamento, della stanchezza e della disidratazione. Agendo sulla crescita e il mantenimento dei cheratinociti superficiali la maca protegge i bulbi capillari, aumentandone l&#039;aderenza al cuoi capelluto, stimola la crescita dei capelli, rinforzandoli e prevenendone la caduta, anche in caso di alopecia. Azioni principali: Rigenerante, rassodante, elasticizzante." />
<meta property="og:url" content="https://www.togethair.it/en/actives/root-of-maca/" />
<meta property="og:site_name" content="Togethair" />
<meta property="article:modified_time" content="2024-07-30T10:05:07+00:00" />
<meta property="og:image" content="https://www.togethair.it/wp-content/uploads/2024/07/Radice-di-maca.jpg" />
	<meta property="og:image:width" content="400" />
	<meta property="og:image:height" content="400" />
	<meta property="og:image:type" content="image/jpeg" />
<meta name="twitter:card" content="summary_large_image" />
<script type="application/ld+json" class="yoast-schema-graph">{"@context":"https://schema.org","@graph":[{"@type":"WebPage","@id":"https://www.togethair.it/attivi/radice-di-maca/","url":"https://www.togethair.it/attivi/radice-di-maca/","name":"Radice di Maca","isPartOf":{"@id":"https://www.togethair.it/#website"},"primaryImageOfPage":{"@id":"https://www.togethair.it/attivi/radice-di-maca/#primaryimage"},"image":{"@id":"https://www.togethair.it/attivi/radice-di-maca/#primaryimage"},"thumbnailUrl":"https://www.togethair.it/wp-content/uploads/2024/07/Radice-di-maca.jpg","datePublished":"2024-07-30T09:23:45+00:00","dateModified":"2024-07-30T10:05:07+00:00","description":"Non solo la meravigliosa radice migliora la resistenza, ma può anche migliorare la luminosità della pelle. Inoltre, la maca ha la capacità di levigare le linee sottili, stimolare il rinnovamento cellulare e di contrastare i segni dell'invecchiamento, della stanchezza e della disidratazione. Agendo sulla crescita e il mantenimento dei cheratinociti superficiali la maca protegge i bulbi capillari, aumentandone l'aderenza al cuoi capelluto, stimola la crescita dei capelli, rinforzandoli e prevenendone la caduta, anche in caso di alopecia. Azioni principali: Rigenerante, rassodante, elasticizzante.","breadcrumb":{"@id":"https://www.togethair.it/attivi/radice-di-maca/#breadcrumb"},"inLanguage":"en-GB","potentialAction":[{"@type":"ReadAction","target":["https://www.togethair.it/attivi/radice-di-maca/"]}]},{"@type":"ImageObject","inLanguage":"en-GB","@id":"https://www.togethair.it/attivi/radice-di-maca/#primaryimage","url":"https://www.togethair.it/wp-content/uploads/2024/07/Radice-di-maca.jpg","contentUrl":"https://www.togethair.it/wp-content/uploads/2024/07/Radice-di-maca.jpg","width":400,"height":400},{"@type":"BreadcrumbList","@id":"https://www.togethair.it/attivi/radice-di-maca/#breadcrumb","itemListElement":[{"@type":"ListItem","position":1,"name":"Home","item":"https://www.togethair.it/"},{"@type":"ListItem","position":2,"name":"Radice di Maca"}]},{"@type":"WebSite","@id":"https://www.togethair.it/#website","url":"https://www.togethair.it/","name":"Togethair","description":"Meeting Nature","publisher":{"@id":"https://www.togethair.it/#organization"},"potentialAction":[{"@type":"SearchAction","target":{"@type":"EntryPoint","urlTemplate":"https://www.togethair.it/?s={search_term_string}"},"query-input":{"@type":"PropertyValueSpecification","valueRequired":true,"valueName":"search_term_string"}}],"inLanguage":"en-GB"},{"@type":"Organization","@id":"https://www.togethair.it/#organization","name":"Togethair","url":"https://www.togethair.it/","logo":{"@type":"ImageObject","inLanguage":"en-GB","@id":"https://www.togethair.it/#/schema/logo/image/","url":"https://www.togethair.it/wp-content/uploads/2024/06/logo_togethair.png","contentUrl":"https://www.togethair.it/wp-content/uploads/2024/06/logo_togethair.png","width":500,"height":107,"caption":"Togethair"},"image":{"@id":"https://www.togethair.it/#/schema/logo/image/"}}]}</script>
<!-- / Yoast SEO plugin. -->

Non solo la meravigliosa radice migliora la resistenza, ma può anche migliorare la luminosità della pelle. Inoltre, la maca ha la capacità di levigare le linee sottili, stimolare il rinnovamento cellulare e di contrastare i segni dell'invecchiamento, della stanchezza e della disidratazione. Agendo sulla crescita e il mantenimento dei cheratinociti superficiali la maca protegge i bulbi capillari, aumentandone l'aderenza al cuoi capelluto, stimola la crescita dei capelli, rinforzandoli e prevenendone la caduta, anche in caso di alopecia. Azioni principali: Rigenerante, rassodante, elasticizzante.
