{"id":1359,"date":"2024-07-30T10:23:26","date_gmt":"2024-07-30T09:23:26","guid":{"rendered":"https:\/\/togethair-website.k8s.live.devhoop.com\/attivi\/filtri-uv\/"},"modified":"2024-07-30T10:43:17","modified_gmt":"2024-07-30T09:43:17","slug":"filtri-uv","status":"publish","type":"attivi","link":"https:\/\/www.togethair.it\/en\/actives\/uv-filters\/","title":{"rendered":"UV filters"},"content":{"rendered":"","protected":false},"featured_media":1489,"template":"","meta":{"_acf_changed":true,"site-sidebar-layout":"default","site-content-layout":"","ast-site-content-layout":"default","site-content-style":"default","site-sidebar-style":"default","ast-global-header-display":"","ast-banner-title-visibility":"","ast-main-header-display":"","ast-hfb-above-header-display":"","ast-hfb-below-header-display":"","ast-hfb-mobile-header-display":"","site-post-title":"","ast-breadcrumbs-content":"","ast-featured-img":"","footer-sml-layout":"","theme-transparent-header-meta":"","adv-header-id-meta":"","stick-header-meta":"","header-above-stick-meta":"","header-main-stick-meta":"","header-below-stick-meta":"","astra-migrate-meta-layouts":"set","ast-page-background-enabled":"default","ast-page-background-meta":{"desktop":{"background-color":"var(--ast-global-color-4)","background-image":"","background-repeat":"repeat","background-position":"center center","background-size":"auto","background-attachment":"scroll","background-type":"","background-media":"","overlay-type":"","overlay-color":"","overlay-opacity":"","overlay-gradient":""},"tablet":{"background-color":"","background-image":"","background-repeat":"repeat","background-position":"center center","background-size":"auto","background-attachment":"scroll","background-type":"","background-media":"","overlay-type":"","overlay-color":"","overlay-opacity":"","overlay-gradient":""},"mobile":{"background-color":"","background-image":"","background-repeat":"repeat","background-position":"center center","background-size":"auto","background-attachment":"scroll","background-type":"","background-media":"","overlay-type":"","overlay-color":"","overlay-opacity":"","overlay-gradient":""}},"ast-content-background-meta":{"desktop":{"background-color":"var(--ast-global-color-5)","background-image":"","background-repeat":"repeat","background-position":"center center","background-size":"auto","background-attachment":"scroll","background-type":"","background-media":"","overlay-type":"","overlay-color":"","overlay-opacity":"","overlay-gradient":""},"tablet":{"background-color":"var(--ast-global-color-5)","background-image":"","background-repeat":"repeat","background-position":"center center","background-size":"auto","background-attachment":"scroll","background-type":"","background-media":"","overlay-type":"","overlay-color":"","overlay-opacity":"","overlay-gradient":""},"mobile":{"background-color":"var(--ast-global-color-5)","background-image":"","background-repeat":"repeat","background-position":"center center","background-size":"auto","background-attachment":"scroll","background-type":"","background-media":"","overlay-type":"","overlay-color":"","overlay-opacity":"","overlay-gradient":""}}},"tipologia":[64],"class_list":["post-1359","attivi","type-attivi","status-publish","has-post-thumbnail","hentry","tipologia-biotechnology"],"acf":[],"yoast_head":"<!-- This site is optimized with the Yoast SEO plugin v23.8 - https:\/\/yoast.com\/wordpress\/plugins\/seo\/ -->\n<title>Filtri UV<\/title>\n<meta name=\"description\" content=\"Una ricerca scientifica ha evidenziato il danno prodotto dai raggi UV sulla struttura dei capelli costituita da fibre di cheratina. La compromissione fotochimica dei capelli comprende la perdita delle proteine \u200b\u200bdei capelli e la degradazione del pigmento. Ecco perch\u00e9 \u00e8 necessario proteggere radici e punte con che sigillano l&#039;idratazione. La priorit\u00e0 \u00e8 difenderli dal sale che li inaridisce e ne disidrata le lunghezze e da sabbia e vento che li \u201cgraffiano\u201d; mentre i raggi UV, specie per chi li ha colorati, sbiadiscono e ossidano il colore.\" \/>\n<meta name=\"robots\" content=\"index, follow, max-snippet:-1, max-image-preview:large, max-video-preview:-1\" \/>\n<link rel=\"canonical\" href=\"https:\/\/www.togethair.it\/en\/actives\/uv-filters\/\" \/>\n<meta property=\"og:locale\" content=\"en_GB\" \/>\n<meta property=\"og:type\" content=\"article\" \/>\n<meta property=\"og:title\" content=\"Filtri UV\" \/>\n<meta property=\"og:description\" content=\"Una ricerca scientifica ha evidenziato il danno prodotto dai raggi UV sulla struttura dei capelli costituita da fibre di cheratina. La compromissione fotochimica dei capelli comprende la perdita delle proteine \u200b\u200bdei capelli e la degradazione del pigmento. Ecco perch\u00e9 \u00e8 necessario proteggere radici e punte con che sigillano l&#039;idratazione. La priorit\u00e0 \u00e8 difenderli dal sale che li inaridisce e ne disidrata le lunghezze e da sabbia e vento che li \u201cgraffiano\u201d; mentre i raggi UV, specie per chi li ha colorati, sbiadiscono e ossidano il colore.\" \/>\n<meta property=\"og:url\" content=\"https:\/\/www.togethair.it\/en\/actives\/uv-filters\/\" \/>\n<meta property=\"og:site_name\" content=\"Togethair\" \/>\n<meta property=\"article:modified_time\" content=\"2024-07-30T09:43:17+00:00\" \/>\n<meta property=\"og:image\" content=\"https:\/\/www.togethair.it\/wp-content\/uploads\/2024\/07\/Filtri-UV.jpg\" \/>\n\t<meta property=\"og:image:width\" content=\"400\" \/>\n\t<meta property=\"og:image:height\" content=\"400\" \/>\n\t<meta property=\"og:image:type\" content=\"image\/jpeg\" \/>\n<meta name=\"twitter:card\" content=\"summary_large_image\" \/>\n<script type=\"application\/ld+json\" class=\"yoast-schema-graph\">{\"@context\":\"https:\/\/schema.org\",\"@graph\":[{\"@type\":\"WebPage\",\"@id\":\"https:\/\/www.togethair.it\/attivi\/filtri-uv\/\",\"url\":\"https:\/\/www.togethair.it\/attivi\/filtri-uv\/\",\"name\":\"Filtri UV\",\"isPartOf\":{\"@id\":\"https:\/\/www.togethair.it\/#website\"},\"primaryImageOfPage\":{\"@id\":\"https:\/\/www.togethair.it\/attivi\/filtri-uv\/#primaryimage\"},\"image\":{\"@id\":\"https:\/\/www.togethair.it\/attivi\/filtri-uv\/#primaryimage\"},\"thumbnailUrl\":\"https:\/\/www.togethair.it\/wp-content\/uploads\/2024\/07\/Filtri-UV.jpg\",\"datePublished\":\"2024-07-30T09:23:26+00:00\",\"dateModified\":\"2024-07-30T09:43:17+00:00\",\"description\":\"Una ricerca scientifica ha evidenziato il danno prodotto dai raggi UV sulla struttura dei capelli costituita da fibre di cheratina. La compromissione fotochimica dei capelli comprende la perdita delle proteine \u200b\u200bdei capelli e la degradazione del pigmento. Ecco perch\u00e9 \u00e8 necessario proteggere radici e punte con che sigillano l'idratazione. La priorit\u00e0 \u00e8 difenderli dal sale che li inaridisce e ne disidrata le lunghezze e da sabbia e vento che li \u201cgraffiano\u201d; mentre i raggi UV, specie per chi li ha colorati, sbiadiscono e ossidano il colore.\",\"breadcrumb\":{\"@id\":\"https:\/\/www.togethair.it\/attivi\/filtri-uv\/#breadcrumb\"},\"inLanguage\":\"en-GB\",\"potentialAction\":[{\"@type\":\"ReadAction\",\"target\":[\"https:\/\/www.togethair.it\/attivi\/filtri-uv\/\"]}]},{\"@type\":\"ImageObject\",\"inLanguage\":\"en-GB\",\"@id\":\"https:\/\/www.togethair.it\/attivi\/filtri-uv\/#primaryimage\",\"url\":\"https:\/\/www.togethair.it\/wp-content\/uploads\/2024\/07\/Filtri-UV.jpg\",\"contentUrl\":\"https:\/\/www.togethair.it\/wp-content\/uploads\/2024\/07\/Filtri-UV.jpg\",\"width\":400,\"height\":400},{\"@type\":\"BreadcrumbList\",\"@id\":\"https:\/\/www.togethair.it\/attivi\/filtri-uv\/#breadcrumb\",\"itemListElement\":[{\"@type\":\"ListItem\",\"position\":1,\"name\":\"Home\",\"item\":\"https:\/\/www.togethair.it\/\"},{\"@type\":\"ListItem\",\"position\":2,\"name\":\"Filtri UV\"}]},{\"@type\":\"WebSite\",\"@id\":\"https:\/\/www.togethair.it\/#website\",\"url\":\"https:\/\/www.togethair.it\/\",\"name\":\"Togethair\",\"description\":\"Meeting Nature\",\"publisher\":{\"@id\":\"https:\/\/www.togethair.it\/#organization\"},\"potentialAction\":[{\"@type\":\"SearchAction\",\"target\":{\"@type\":\"EntryPoint\",\"urlTemplate\":\"https:\/\/www.togethair.it\/?s={search_term_string}\"},\"query-input\":{\"@type\":\"PropertyValueSpecification\",\"valueRequired\":true,\"valueName\":\"search_term_string\"}}],\"inLanguage\":\"en-GB\"},{\"@type\":\"Organization\",\"@id\":\"https:\/\/www.togethair.it\/#organization\",\"name\":\"Togethair\",\"url\":\"https:\/\/www.togethair.it\/\",\"logo\":{\"@type\":\"ImageObject\",\"inLanguage\":\"en-GB\",\"@id\":\"https:\/\/www.togethair.it\/#\/schema\/logo\/image\/\",\"url\":\"https:\/\/www.togethair.it\/wp-content\/uploads\/2024\/06\/logo_togethair.png\",\"contentUrl\":\"https:\/\/www.togethair.it\/wp-content\/uploads\/2024\/06\/logo_togethair.png\",\"width\":500,\"height\":107,\"caption\":\"Togethair\"},\"image\":{\"@id\":\"https:\/\/www.togethair.it\/#\/schema\/logo\/image\/\"}}]}<\/script>\n<!-- \/ Yoast SEO plugin. -->","yoast_head_json":{"title":"Filtri UV","description":"Una ricerca scientifica ha evidenziato il danno prodotto dai raggi UV sulla struttura dei capelli costituita da fibre di cheratina. La compromissione fotochimica dei capelli comprende la perdita delle proteine \u200b\u200bdei capelli e la degradazione del pigmento. Ecco perch\u00e9 \u00e8 necessario proteggere radici e punte con che sigillano l'idratazione. La priorit\u00e0 \u00e8 difenderli dal sale che li inaridisce e ne disidrata le lunghezze e da sabbia e vento che li \u201cgraffiano\u201d; mentre i raggi UV, specie per chi li ha colorati, sbiadiscono e ossidano il colore.","robots":{"index":"index","follow":"follow","max-snippet":"max-snippet:-1","max-image-preview":"max-image-preview:large","max-video-preview":"max-video-preview:-1"},"canonical":"https:\/\/www.togethair.it\/en\/actives\/uv-filters\/","og_locale":"en_GB","og_type":"article","og_title":"Filtri UV","og_description":"Una ricerca scientifica ha evidenziato il danno prodotto dai raggi UV sulla struttura dei capelli costituita da fibre di cheratina. La compromissione fotochimica dei capelli comprende la perdita delle proteine \u200b\u200bdei capelli e la degradazione del pigmento. Ecco perch\u00e9 \u00e8 necessario proteggere radici e punte con che sigillano l'idratazione. La priorit\u00e0 \u00e8 difenderli dal sale che li inaridisce e ne disidrata le lunghezze e da sabbia e vento che li \u201cgraffiano\u201d; mentre i raggi UV, specie per chi li ha colorati, sbiadiscono e ossidano il colore.","og_url":"https:\/\/www.togethair.it\/en\/actives\/uv-filters\/","og_site_name":"Togethair","article_modified_time":"2024-07-30T09:43:17+00:00","og_image":[{"width":400,"height":400,"url":"https:\/\/www.togethair.it\/wp-content\/uploads\/2024\/07\/Filtri-UV.jpg","type":"image\/jpeg"}],"twitter_card":"summary_large_image","schema":{"@context":"https:\/\/schema.org","@graph":[{"@type":"WebPage","@id":"https:\/\/www.togethair.it\/attivi\/filtri-uv\/","url":"https:\/\/www.togethair.it\/attivi\/filtri-uv\/","name":"Filtri UV","isPartOf":{"@id":"https:\/\/www.togethair.it\/#website"},"primaryImageOfPage":{"@id":"https:\/\/www.togethair.it\/attivi\/filtri-uv\/#primaryimage"},"image":{"@id":"https:\/\/www.togethair.it\/attivi\/filtri-uv\/#primaryimage"},"thumbnailUrl":"https:\/\/www.togethair.it\/wp-content\/uploads\/2024\/07\/Filtri-UV.jpg","datePublished":"2024-07-30T09:23:26+00:00","dateModified":"2024-07-30T09:43:17+00:00","description":"Una ricerca scientifica ha evidenziato il danno prodotto dai raggi UV sulla struttura dei capelli costituita da fibre di cheratina. La compromissione fotochimica dei capelli comprende la perdita delle proteine \u200b\u200bdei capelli e la degradazione del pigmento. Ecco perch\u00e9 \u00e8 necessario proteggere radici e punte con che sigillano l'idratazione. La priorit\u00e0 \u00e8 difenderli dal sale che li inaridisce e ne disidrata le lunghezze e da sabbia e vento che li \u201cgraffiano\u201d; mentre i raggi UV, specie per chi li ha colorati, sbiadiscono e ossidano il colore.","breadcrumb":{"@id":"https:\/\/www.togethair.it\/attivi\/filtri-uv\/#breadcrumb"},"inLanguage":"en-GB","potentialAction":[{"@type":"ReadAction","target":["https:\/\/www.togethair.it\/attivi\/filtri-uv\/"]}]},{"@type":"ImageObject","inLanguage":"en-GB","@id":"https:\/\/www.togethair.it\/attivi\/filtri-uv\/#primaryimage","url":"https:\/\/www.togethair.it\/wp-content\/uploads\/2024\/07\/Filtri-UV.jpg","contentUrl":"https:\/\/www.togethair.it\/wp-content\/uploads\/2024\/07\/Filtri-UV.jpg","width":400,"height":400},{"@type":"BreadcrumbList","@id":"https:\/\/www.togethair.it\/attivi\/filtri-uv\/#breadcrumb","itemListElement":[{"@type":"ListItem","position":1,"name":"Home","item":"https:\/\/www.togethair.it\/"},{"@type":"ListItem","position":2,"name":"Filtri UV"}]},{"@type":"WebSite","@id":"https:\/\/www.togethair.it\/#website","url":"https:\/\/www.togethair.it\/","name":"Togethair","description":"Meeting Nature","publisher":{"@id":"https:\/\/www.togethair.it\/#organization"},"potentialAction":[{"@type":"SearchAction","target":{"@type":"EntryPoint","urlTemplate":"https:\/\/www.togethair.it\/?s={search_term_string}"},"query-input":{"@type":"PropertyValueSpecification","valueRequired":true,"valueName":"search_term_string"}}],"inLanguage":"en-GB"},{"@type":"Organization","@id":"https:\/\/www.togethair.it\/#organization","name":"Togethair","url":"https:\/\/www.togethair.it\/","logo":{"@type":"ImageObject","inLanguage":"en-GB","@id":"https:\/\/www.togethair.it\/#\/schema\/logo\/image\/","url":"https:\/\/www.togethair.it\/wp-content\/uploads\/2024\/06\/logo_togethair.png","contentUrl":"https:\/\/www.togethair.it\/wp-content\/uploads\/2024\/06\/logo_togethair.png","width":500,"height":107,"caption":"Togethair"},"image":{"@id":"https:\/\/www.togethair.it\/#\/schema\/logo\/image\/"}}]}},"_links":{"self":[{"href":"https:\/\/www.togethair.it\/en\/wp-json\/wp\/v2\/attivi\/1359","targetHints":{"allow":["GET"]}}],"collection":[{"href":"https:\/\/www.togethair.it\/en\/wp-json\/wp\/v2\/attivi"}],"about":[{"href":"https:\/\/www.togethair.it\/en\/wp-json\/wp\/v2\/types\/attivi"}],"wp:featuredmedia":[{"embeddable":true,"href":"https:\/\/www.togethair.it\/en\/wp-json\/wp\/v2\/media\/1489"}],"wp:attachment":[{"href":"https:\/\/www.togethair.it\/en\/wp-json\/wp\/v2\/media?parent=1359"}],"wp:term":[{"taxonomy":"tipologia","embeddable":true,"href":"https:\/\/www.togethair.it\/en\/wp-json\/wp\/v2\/tipologia?post=1359"}],"curies":[{"name":"wp","href":"https:\/\/api.w.org\/{rel}","templated":true}]}}

<!-- This site is optimized with the Yoast SEO plugin v23.8 - https://yoast.com/wordpress/plugins/seo/ -->
<title>Filtri UV</title>
<meta name="description" content="Una ricerca scientifica ha evidenziato il danno prodotto dai raggi UV sulla struttura dei capelli costituita da fibre di cheratina. La compromissione fotochimica dei capelli comprende la perdita delle proteine ​​dei capelli e la degradazione del pigmento. Ecco perché è necessario proteggere radici e punte con che sigillano l&#039;idratazione. La priorità è difenderli dal sale che li inaridisce e ne disidrata le lunghezze e da sabbia e vento che li “graffiano”; mentre i raggi UV, specie per chi li ha colorati, sbiadiscono e ossidano il colore." />
<meta name="robots" content="index, follow, max-snippet:-1, max-image-preview:large, max-video-preview:-1" />
<link rel="canonical" href="https://www.togethair.it/en/actives/uv-filters/" />
<meta property="og:locale" content="en_GB" />
<meta property="og:type" content="article" />
<meta property="og:title" content="Filtri UV" />
<meta property="og:description" content="Una ricerca scientifica ha evidenziato il danno prodotto dai raggi UV sulla struttura dei capelli costituita da fibre di cheratina. La compromissione fotochimica dei capelli comprende la perdita delle proteine ​​dei capelli e la degradazione del pigmento. Ecco perché è necessario proteggere radici e punte con che sigillano l&#039;idratazione. La priorità è difenderli dal sale che li inaridisce e ne disidrata le lunghezze e da sabbia e vento che li “graffiano”; mentre i raggi UV, specie per chi li ha colorati, sbiadiscono e ossidano il colore." />
<meta property="og:url" content="https://www.togethair.it/en/actives/uv-filters/" />
<meta property="og:site_name" content="Togethair" />
<meta property="article:modified_time" content="2024-07-30T09:43:17+00:00" />
<meta property="og:image" content="https://www.togethair.it/wp-content/uploads/2024/07/Filtri-UV.jpg" />
	<meta property="og:image:width" content="400" />
	<meta property="og:image:height" content="400" />
	<meta property="og:image:type" content="image/jpeg" />
<meta name="twitter:card" content="summary_large_image" />
<script type="application/ld+json" class="yoast-schema-graph">{"@context":"https://schema.org","@graph":[{"@type":"WebPage","@id":"https://www.togethair.it/attivi/filtri-uv/","url":"https://www.togethair.it/attivi/filtri-uv/","name":"Filtri UV","isPartOf":{"@id":"https://www.togethair.it/#website"},"primaryImageOfPage":{"@id":"https://www.togethair.it/attivi/filtri-uv/#primaryimage"},"image":{"@id":"https://www.togethair.it/attivi/filtri-uv/#primaryimage"},"thumbnailUrl":"https://www.togethair.it/wp-content/uploads/2024/07/Filtri-UV.jpg","datePublished":"2024-07-30T09:23:26+00:00","dateModified":"2024-07-30T09:43:17+00:00","description":"Una ricerca scientifica ha evidenziato il danno prodotto dai raggi UV sulla struttura dei capelli costituita da fibre di cheratina. La compromissione fotochimica dei capelli comprende la perdita delle proteine ​​dei capelli e la degradazione del pigmento. Ecco perché è necessario proteggere radici e punte con che sigillano l'idratazione. La priorità è difenderli dal sale che li inaridisce e ne disidrata le lunghezze e da sabbia e vento che li “graffiano”; mentre i raggi UV, specie per chi li ha colorati, sbiadiscono e ossidano il colore.","breadcrumb":{"@id":"https://www.togethair.it/attivi/filtri-uv/#breadcrumb"},"inLanguage":"en-GB","potentialAction":[{"@type":"ReadAction","target":["https://www.togethair.it/attivi/filtri-uv/"]}]},{"@type":"ImageObject","inLanguage":"en-GB","@id":"https://www.togethair.it/attivi/filtri-uv/#primaryimage","url":"https://www.togethair.it/wp-content/uploads/2024/07/Filtri-UV.jpg","contentUrl":"https://www.togethair.it/wp-content/uploads/2024/07/Filtri-UV.jpg","width":400,"height":400},{"@type":"BreadcrumbList","@id":"https://www.togethair.it/attivi/filtri-uv/#breadcrumb","itemListElement":[{"@type":"ListItem","position":1,"name":"Home","item":"https://www.togethair.it/"},{"@type":"ListItem","position":2,"name":"Filtri UV"}]},{"@type":"WebSite","@id":"https://www.togethair.it/#website","url":"https://www.togethair.it/","name":"Togethair","description":"Meeting Nature","publisher":{"@id":"https://www.togethair.it/#organization"},"potentialAction":[{"@type":"SearchAction","target":{"@type":"EntryPoint","urlTemplate":"https://www.togethair.it/?s={search_term_string}"},"query-input":{"@type":"PropertyValueSpecification","valueRequired":true,"valueName":"search_term_string"}}],"inLanguage":"en-GB"},{"@type":"Organization","@id":"https://www.togethair.it/#organization","name":"Togethair","url":"https://www.togethair.it/","logo":{"@type":"ImageObject","inLanguage":"en-GB","@id":"https://www.togethair.it/#/schema/logo/image/","url":"https://www.togethair.it/wp-content/uploads/2024/06/logo_togethair.png","contentUrl":"https://www.togethair.it/wp-content/uploads/2024/06/logo_togethair.png","width":500,"height":107,"caption":"Togethair"},"image":{"@id":"https://www.togethair.it/#/schema/logo/image/"}}]}</script>
<!-- / Yoast SEO plugin. -->

Una ricerca scientifica ha evidenziato il danno prodotto dai raggi UV sulla struttura dei capelli costituita da fibre di cheratina. La compromissione fotochimica dei capelli comprende la perdita delle proteine ​​dei capelli e la degradazione del pigmento. Ecco perché è necessario proteggere radici e punte con che sigillano l'idratazione. La priorità è difenderli dal sale che li inaridisce e ne disidrata le lunghezze e da sabbia e vento che li “graffiano”; mentre i raggi UV, specie per chi li ha colorati, sbiadiscono e ossidano il colore.
